 - 4*h - 197 = 0, 2*h - 292 = -2*c - 2*c. What is the remainder when c is divided by 18?
17
Let t(n) = -n**2 + 9*n - 1. What is the remainder when 19 is divided by t(8)?
5
Let f = -37 - -71. Calculate the remainder when 65 is divided by f.
31
Suppose -6*y - 24 = -2*y. Let u be (-16)/6*27/(-4). Let w = y + u. Calculate the remainder when 22 is divided by w.
10
Let h(w) = 26*w**2 - 3*w - 3. Calculate the remainder when h(-2) is divided by 27.
26
Let t = 4 + 1. Calculate the remainder when 19 is divided by t.
4
Let b be 18/(-42) - 24/(-7). Suppose 8*k = b*k + 355. Calculate the remainder when k is divided by 18.
17
Let r = -232 - -162. Let h = -48 - r. Calculate the remainder when h is divided by 8.
6
Let r(s) = s**2 + s - 1. Let y(q) = -6*q**2 - 17*q + 1. Let h(b) = 5*r(b) + y(b). What is the remainder when h(-11) is divided by 4?
3
Suppose 5*q - 4*g - 375 = 0, -2*q + 4*g + 225 = q. What is the remainder when q is divided by 40?
35
Let i be 1/1 - (-6 + 2). Suppose 0 = i*k - 18 - 17. What is the remainder when k is divided by 5 + 4/(-8)*2?
3
Let t(r) = r**2 + 2*r - 5. Let c(n) = 3*n + 6. Let o be c(-4). Let f be t(o). Let q = 10 + f. What is the remainder when q is divided by 10?
9
Let d = 12 - -4. Let k = 15 - -47. What is the remainder when k is divided by d?
14
Suppose -3*t + 35 = -28. What is the remainder when 5 is divided by t/14*4/3?
1
Suppose b + 33 = 4*g + 2*b, 3*g - 24 = -b. Suppose 5*v = 25, -82 + g = -3*t + v. What is the remainder when t is divided by 14?
12
Let d be 2 + -2 + -1 + 2. What is the remainder when 71 is divided by d/(-3) - (-146)/6?
23
What is the remainder when (-12)/16 + 270/8 is divided by 17?
16
Suppose 5*y - 4 = 11. Suppose -3*g + 2*g = -4*k + 13, y*k - 9 = g. What is the remainder when g is divided by 3?
0
Suppose 0 = -5*y - 5*w + 50, 3*w = 2*y - 6 - 14. What is the remainder when 46 is divided by y?
6
Let s(r) = -2*r + 1. Let o(t) = 3*t**2 + 2*t - 3. What is the remainder when o(2) is divided by s(-2)?
3
Suppose -2*a = -8 - 16. What is the remainder when 33 is divided by a?
9
Let l(r) = 5*r - 16. Calculate the remainder when 85 is divided by l(9).
27
Suppose -2*o - 180 = o. Let z = o + 101. Calculate the remainder when z is divided by (12/3)/(4/14).
13
Let v = 5 - -3. Calculate the remainder when 30 is divided by v.
6
Let j(n) = -n**2 + n. Let z(a) = 7*a**2 + 3*a. Let r(w) = -6*j(w) - z(w). Let t be r(-9). Let p = 23 + t. What is the remainder when p is divided by 12?
11
Suppose 5*g - 17 = -7. Let a be 1*g*39/6. Suppose 0*p - p = -a. Calculate the remainder when 37 is divided by p.
11
Let c(p) = -p**3 - 10*p**2 - 9*p + 7. Let a be (2 + 15/(-6))*-4. Suppose -a*b + 5*b + 27 = 0. What is the remainder when c(b) is divided by 5?
2
Let k be (-2 + -84)*2*-2. Suppose 2*h + 2*q - 146 = 0, -4*h - 40 = -2*q - k. What is the remainder when h is divided by 19?
18
What is the remainder when 148 is divided by 3 - (-131 + -4)/5?
28
Suppose 0 = -4*n + 45 + 11. What is the remainder when 23 is divided by n?
9
Let c = -11 - -36. Calculate the remainder when c is divided by 15.
10
Suppose -7*h = -39 - 3. What is the remainder when 22 is divided by h?
4
Let n(g) = g**3 + 10*g**2 + g + 10. Let u be n(-10). Suppose -4*p + 0*p + 68 = u. What is the remainder when 48 is divided by p?
14
Let s = -1 - -29. Suppose 69 = 3*d - 93. What is the remainder when d is divided by s?
26
Let n(s) = -s + 50. Calculate the remainder when 101 is divided by n(23).
20
Let g(w) = -4*w**3 - w**2 - 2*w - 1. Let r be g(-1). Suppose -r*p + 22 = 6. Calculate the remainder when (-3 - -5)*22/4 is divided by p.
3
Let q(w) = 5*w - 2. Calculate the remainder when 165 is divided by q(6).
25
Let g(r) = r**3 - r**2 - r - 2. Let f be g(2). Suppose f = -s + 2*s - 40. What is the remainder when s is divided by 14?
12
Suppose 4*w = 2*w + 58. Let x = w + -20. Calculate the remainder when 16 is divided by x.
7
Let d(x) = x**2 + x + 3. Let r be d(0). Let i be (0 - -7)*r/(-3). What is the remainder when 16 is divided by 7*2*(-3)/i?
4
Let m(d) = -3*d**3 + d**2 + d. Calculate the remainder when m(-3) is divided by 11.
10
Let k = 188 - 93. Suppose 4*a - 4*n - 72 = 0, 0 = -5*a - 0*a + 4*n + k. Calculate the remainder when a is divided by 12.
11
Let a(v) = v**3 - 9*v**2 + 2*v - 12. Let p be a(9). Suppose p = 4*o - o. Calculate the remainder when 6 is divided by o.
0
Suppose 2*t - 5 - 9 = 5*j, -4*t + 4*j + 16 = 0. Suppose -t = -a - 19. What is the remainder when 41 is divided by 1*-2 + (-1 - a)?
13
Suppose -3*q + 10*q - 833 = 0. What is the remainder when 14/q - (-134)/17 is divided by 5?
3
Let x(m) = 7*m - 3. Suppose -20 = -2*k + 26. Suppose -5*b - k = -108. Calculate the remainder when x(5) is divided by b.
15
Let q(j) = 19*j - 2. Let o(g) = -18*g + 1. Let b(m) = 4*o(m) + 3*q(m). What is the remainder when b(-4) is divided by 15?
13
Let u = 53 - 22. Suppose -5*o = 3*l - u, 3*o - l - 13 = -0*o. What is the remainder when (-2)/(-4) + 54/4 is divided by o?
4
Let b = -8 - -28. What is the remainder when 97 is divided by b?
17
Let t be (-4 - -2) + 0 + 5. Suppose -5*b + 41 = -4*b - r, -t*b = -r - 115. What is the remainder when b is divided by (1 + -3)/(4/(-26))?
11
Suppose h - 3 = 4*r - 51, 2*h = 5*r - 60. What is the remainder when r is divided by 4?
0
Suppose -3*i + 15 = 2*i. Suppose -4*k + 3*k + 4 = 0. What is the remainder when k is divided by i?
1
Suppose 10 = 2*o - j, 3*j + 6 = -0*j. Suppose -9 - 7 = -o*t. Suppose -9*k + 10 = -t*k. Calculate the remainder when 2 is divided by k.
0
Let h = 53 + -39. What is the remainder when 69 is divided by h?
13
Let m = 1 - -21. What is the remainder when m is divided by 13?
9
Let a be 1 + 1 - (-3 + 1). Let q = 59 + a. Calculate the remainder when q is divided by 22.
19
Let g = 122 - 79. Let c(k) = 4*k - 2. What is the remainder when g is divided by c(6)?
21
Let l(y) = 3*y + 15. Let z(g) = -2*g - 7. Let k(c) = -3*l(c) - 5*z(c). What is the remainder when 10 is divided by k(16)?
4
Suppose -22*f + 45 = -21*f. Let z = 18 - -6. What is the remainder when f is divided by z?
21
Let w = 44 - 25. What is the remainder when 55 is divided by w?
17
Suppose 0 = -k + 2*z + 11 + 1, -k - 4*z = -18. Let u = 15 - 16. What is the remainder when u*54*(2 - 3) is divided by k?
12
Let p be 3/((-135)/69 + 2). Suppose 8*a - 5*a = 4*d - p, 80 = 5*d - 5*a. Let t = 31 - d. Calculate the remainder when 39 is divided by t.
9
Let a(m) = -m**3 - 3*m**2 + 2. Let y be a(2). What is the remainder when 41 is divided by (-4)/6*297/y?
8
Suppose 8*w - 64 = -3*t + 3*w, w = 4*t - 47. Calculate the remainder when 62 is divided by t.
10
Let k = -12 + 20. Let l(w) = 4*w - k*w - w. What is the remainder when l(-8) is divided by 14?
12
Let b(j) = -j**2 + 9*j - 12. Let z be b(7). Suppose z*a + 27 - 63 = 0. What is the remainder when 50 is divided by a?
14
Let y = 13 - 25. Let c = 6 - y. Suppose 0 = 4*z + 2*d - 22, d + 0*d + 10 = z. What is the remainder when c is divided by z?
4
Suppose -2*z + 94 = 2*w, -2*z + 4*z - 3*w = 114. Let o = 68 + -55. What is the remainder when z is divided by o?
12
Let o(q) = -q**2 - 7*q - 5. Let b(i) = 5*i - 1. What is the remainder when b(4) is divided by o(-5)?
4
Suppose 5*a = 522 + 198. Suppose 0 = -2*z + 3*f + a, 3*f + 104 = z + 35. Calculate the remainder when z is divided by 19.
18
Let i(f) be the second derivative of -f**5/20 + f**3/6 + 2*f. Calculate the remainder when 11 is divided by i(-2).
5
What is the remainder when 40 is divided by (70/(-40))/((-2)/8)?
5
Let h(j) = 9*j - 7. Let f(n) = 19*n - 13. Let q(i) = -3*f(i) + 7*h(i). Calculate the remainder when 78 is divided by q(5).
18
Let r = 4 + -2. What is the remainder when 2 is divided by r?
0
Let g(y) = 6*y**2 - 7*y + 1. Let v(o) = 11*o**2 - 14*o + 2. Let n(x) = -7*g(x) + 4*v(x). Calculate the remainder when n(5) is divided by 9.
7
Let o = 119 + -62. Calculate the remainder when o is divided by 15.
12
Let p(c) = -c**3 - 2*c**2 + 4*c + 1. Let z be (21/12)/((-1)/4). Let l be 3 + (4 - 3)*z. Calculate the remainder when p(l) is divided by 10.
7
Let o(h) = h**3 - 2*h - 2. Let g(x) = x**3 + x**2 - x + 1. Calculate the remainder when g(3) is divided by o(3).
15
Suppose 9*z - 12*z = -99. What is the remainder when z is divided by 17?
16
Let n(c) = -c - 2. Let k(f) = f. Let v(h) = -6*k(h) - n(h). Calcul